12, what is -3112 + -7161?
-a273
In base 4, what is 22133020120 - 13332?
22133000122
In base 5, what is -3 + -14231344321?
-14231344324
In base 4, what is 21132222010 - 3?
21132222001
In base 2, what is 111111 + -10001111010110100?
-10001111001110101
In base 6, what is 1043454 + 4351?
1052245
In base 4, what is 1 + 131202003131?
131202003132
In base 16, what is -c784f + -8?
-c7857
In base 11, what is 101546 - -808?
102253
In base 12, what is 2 + 20b2176?
20b2178
In base 3, what is -10112020202 + -10002?
-10112100211
In base 10, what is 1513148 - -24?
1513172
In base 5, what is 221 - -2114212?
2114433
In base 10, what is 333835 - 1619?
332216
In base 9, what is 30067 + 317?
30385
In base 9, what is -253 + -273057?
-273321
In base 15, what is -1c0d - -b65?
-1098
In base 14, what is -2 - -10b9267?
10b9265
In base 11, what is -3275 - -18491?
15217
In base 5, what is 100 + 400301242?
400301342
In base 4, what is 303231 + -120203?
123022
In base 13, what is -145094 + b8?
-144ca9
In base 6, what is 0 - -223404344?
223404344
In base 15, what is -d538 - -69?
-d4be
In base 3, what is 2 - -111121002001120?
111121002001122
In base 2, what is 11 - -111010101000100000010011?
111010101000100000010110
In base 16, what is -48 - -19b2f?
19ae7
In base 4, what is -120032121 - 1?
-120032122
In base 2, what is -111110011100011 - 110111101010?
-1000101011001101
In base 7, what is -154443 + 446?
-153664
In base 11, what is 4 - -684374a?
6843753
In base 2, what is 1100011010111 - -100110110100?
10001010001011
In base 3, what is 2121200110 - -1211010?
2200111120
In base 2, what is 101001111001 - -1001100100110?
1110110011111
In base 5, what is 241110 + 2041?
243201
In base 4, what is -100002312112 - 101?
-100002312213
In base 16, what is -812e + -248?
-8376
In base 9, what is -3275 + 51660?
47374
In base 14, what is -6b6 - -9027?
8751
In base 14, what is 38c33391 - 1?
38c33390
In base 16, what is 4d6d5e4f - 4?
4d6d5e4b
In base 2, what is -100011100011111100110010111 - 1010?
-100011100011111100110100001
In base 2, what is -1000 - -1001101010110111101101?
1001101010110111100101
In base 14, what is 1 - 1daa5673?
-1daa5672
In base 15, what is -104dd + 10e8?
-e3e5
In base 5, what is 10 + -2041330400?
-2041330340
In base 15, what is 56c2b - -39?
56c65
In base 2, what is -1101 + 111011000101110011?
111011000101100110
In base 9, what is -48423 - 246?
-48670
In base 9, what is -67 - 768626?
-768704
In base 10, what is -90157028 + -1?
-90157029
In base 8, what is 10 + -362743277?
-362743267
In base 11, what is 366430 + -663?
365878
In base 6, what is -313521125 - 20?
-313521145
In base 9, what is 3143072 + 35?
3143117
In base 13, what is -182 - 8010c?
-80291
In base 10, what is 435032 + -215?
434817
In base 5, what is 130 - -1042033?
1042213
In base 8, what is 154 + 477627?
500003
In base 16, what is -10b - -87ee?
86e3
In base 7, what is 3660026650 + -3?
3660026644
In base 4, what is 33313010333 - -11?
33313011010
In base 8, what is 3 - -6757707?
6757712
In base 11, what is 37 - 110155?
-110119
In base 8, what is 1 - 1677027343?
-1677027342
In base 8, what is 5325700 + -16?
5325662
In base 14, what is -6 - -11bddc5?
11bddbd
In base 8, what is 7077002 - 14?
7076766
In base 3, what is -2111020020221 - -211?
-2111020020010
In base 3, what is 221020020210111 + -21?
221020020210020
In base 12, what is 9a0a05 + 1?
9a0a06
In base 12, what is 1 - 349b75?
-349b74
In base 9, what is -2851607 - -37?
-2851560
In base 13, what is 1 - -1139ca5?
1139ca6
In base 16, what is 7bcb + 62b?
81f6
In base 12, what is 699 + -2a3?
3b6
In base 13, what is -12960 + -2ca?
-12c5a
In base 7, what is 313202146 - 4?
313202142
In base 3, what is 11000 + 11120100200?
11120111200
In base 12, what is -2836a9 + 14?
-283695
In base 8, what is -73 - -572202?
572107
In base 10, what is 0 - -233096057?
233096057
In base 8, what is 6275 + 1200?
7475
In base 2, what is -11111100 - 1001001100000?
-1001101011100
In base 13, what is 723729b3 - -1?
723729b4
In base 11, what is 1092885 + -27?
1092859
In base 11, what is 9 - -11a0309?
11a0317
In base 11, what is 0 + 117aa798?
117aa798
In base 11, what is -88 + 64741?
64664
In base 16, what is 1fd42d + -1b?
1fd412
In base 9, what is 33 - 2055154?
-2055121
In base 10, what is 571660 + 34?
571694
In base 13, what is -5c + 402301?
402272
In base 9, what is 10 - 87513735?
-87513725
In base 16, what is 2b4af4 + -f?
2b4ae5
In base 10, what is 1 + 1261901?
1261902
In base 13, what is 1 - 7a76501?
-7a76500
In base 15, what is -1b67 + -26e9b?
-28b13
In base 14, what is -3c589 + -14?
-3c59d
In base 3, what is -22 - 21012201010221?
-21012201011020
In base 12, what is 1934 + -566?
138a
In base 5, what is 4100241000 + -14?
4100240431
In base 8, what is 656003 - 1650?
654133
In base 16, what is -23570 + -49?
-235b9
In base 13, what is 5c630c36 - -5?
5c630c3b
In base 12, what is -3222885a1 + 0?
-3222885a1
In base 16, what is -ae43 - -42fa?
-6b49
In base 15, what is 5b2 - 28b?
326
In base 3, what is -12 + -221002222112?
-221002222201
In base 4, what is 2101323103023 + 0?
2101323103023
In base 16, what is 48bc + 1253?
5b0f
In base 5, what is -1 + -31223030330?
-31223030331
In base 7, what is 626 + -216511?
-215552
In base 15, what is -7bbe27 - -5?
-7bbe22
In base 2, what is -10100 - 11000001011010010011?
-11000001011010100111
In base 8, what is 2 + 103261733?
103261735
In base 16, what is -9868ae - 1?
-9868af
In base 10, what is 12312702 + 4?
12312706
In base 9, what is 67823053 + -8?
67823044
In base 13, what is 20c80c6 + 0?
20c80c6
In base 16, what is -edd00 + 0?
-edd00
In base 6, what is -142154104 - 11?
-142154115
In base 6, what is -10324205 - -32?
-10324133
In base 13, what is -8bc389 - 0?
-8bc389
In base 5, what is -134 - 30000341?
-30001030
In base 3, what is 0 + 221221001202002?
221221001202002
In base 7, what is -16 - 350463520?
-350463536
In base 11, what is 3 + 21038552?
21038555
In base 9, what is 0 - 5048117?
-5048117
In base 10, what is -185503 - -25?
-185478
In base 8, what is 1142454 + 275?
1142751
In base 14, what is 37 - 3db6d?
-3db36
In base 4, what is -12211 - -11223312?
11211101
In base 5, what is -41323323 - -40?
-41323233
In base 10, what is 47959 - 3093?
44866
In base 7, what is -4502042 - 1264?
-4503336
In base 9, what is -6546417 - 3?
-6546421
In base 7, what is 110446 - 140?
110306
In base 3, what is 2121102022202120 - 111?
2121102022202002
In base 8, what is 15 + -560535?
-560520
In base 3, what is 2002202001021 + 1112?
2002202002210
In base 14, what is 63b2 - 5dd?
5bb3
In base 2, what is 1101111010010 - -10000011?
1110001010101
In base 7, what is 21 + 203110?
203131
In base 12, what is 6094 - 112?
5b82
In base 5, what is -420140304 - -3?
-420140301
In base 14, what is 0 + -2213a20b?
-2213a20b
In base 9, what is -28 - -713635?
713606
In base 5, what is 122044 - -140231?
312330
In base 11, what is -243 + 3853?
3610
In base 16, what is 2a3 + -ce7?
-a44
In base 10, what is -397329 - 26?
-397355
In base 10, what is -391682299 - 5?
-391682304
In base 2, what is -1000011101111111 - -10111010101?
-1000000110101010
In base 12, what is -566b244 - -41?
-566b203
In base 16, what is 2808ef4b + -5?
2808ef46
In base 3, what is 2100211200000 - -201120?
2100212101120
In base 14, what is a84 - 36?
a4c
In base 5, what is -11123124220 + -142?
-11123124412
In base 15, what is -236 - -3758a?
37354
In base 7, what is -3643205523 + 10?
-3643205513
In base 2, what is -100011011010010 - -10111001?
-100011000011001
In base 7, what is -1211522 - -40?
-1211452
In base 16, what is d4 - 4ed7?
-4e03
In base 5, what is -22 + -4433020130?
-4433020202
In base 6, what is 2002 - 102004415?
-102002413
In base 10, what is 5 - -22021420?
22021425
In base 16, what is -2fda - 1105?
-40df
In base 8, what is 34740 + -2430?
32310
In base 14, what is -1497204 + 4?
-1497200
In base 9, what is 1467 + 3161?
4638
In base 8, what is -20534250 - -55?
-20534173
In base 14, what is -820290 + 3?
-82028b
In base 6, what is -205 - 1124313?
-1124522
In base 7, what is -133 - -16033420?
16033254
In base 11, what is 520 + 114233?
114753
In base 3, what is -1221022112 - -10000222?
-1211021120
In base 8, what is 4260 - -111714?
116174
In base 11, what is -8537 - -7602?
-a35
In base 8, what is 5743724 + -5?
5743717
In bas